{"id":10989,"date":"2025-06-24T12:37:42","date_gmt":"2025-06-24T15:37:42","guid":{"rendered":"https:\/\/lago.com.uy\/?post_type=property&#038;p=10989"},"modified":"2025-10-18T16:24:01","modified_gmt":"2025-10-18T19:24:01","slug":"gran-local-comercial-sobre-av-giannattasio-solymar","status":"publish","type":"property","link":"https:\/\/lago.com.uy\/index.php\/propiedades\/gran-local-comercial-sobre-av-giannattasio-solymar\/","title":{"rendered":"\u00a1RESERVADO! Gran Local Comercial Sobre Av. Giannattasio Solymar"},"content":{"rendered":"<h1 style=\"text-align: center;\"><strong>Se alquila local comercial ideal para sal\u00f3n de fiestas, restaurant y dem\u00e1s. Gran ambiente principal, 2 ba\u00f1os, parrillero y terreno.<\/strong><\/h1>\n","protected":false},"author":1,"featured_media":14266,"comment_status":"open","ping_status":"open","template":"","class_list":["post-10989","property","type-property","status-publish","has-post-thumbnail","hentry","statuses-disponible","locations-canelones","locations-ciudad-de-la-costa","locations-solymar","property_types-local-comercial"],"aioseo_notices":[],"cmb2":{"property_general":{"property_id":"","property_year_built":"2000","property_address":"","property_zip":"","property_contract":"RENT","property_gallery":{"14266":"https:\/\/lago.com.uy\/wp-content\/uploads\/2025\/06\/2-scaled.jpg","14267":"https:\/\/lago.com.uy\/wp-content\/uploads\/2025\/06\/3-scaled.jpg","14268":"https:\/\/lago.com.uy\/wp-content\/uploads\/2025\/06\/4-scaled.jpg","14269":"https:\/\/lago.com.uy\/wp-content\/uploads\/2025\/06\/5.1-scaled.jpg","14270":"https:\/\/lago.com.uy\/wp-content\/uploads\/2025\/06\/5-scaled.jpg","14271":"https:\/\/lago.com.uy\/wp-content\/uploads\/2025\/06\/6.1-scaled.jpg","14274":"https:\/\/lago.com.uy\/wp-content\/uploads\/2025\/06\/8-scaled.jpg","14275":"https:\/\/lago.com.uy\/wp-content\/uploads\/2025\/06\/9-scaled.jpg","14276":"https:\/\/lago.com.uy\/wp-content\/uploads\/2025\/06\/10-scaled.jpg","14277":"https:\/\/lago.com.uy\/wp-content\/uploads\/2025\/06\/11-scaled.jpg","14278":"https:\/\/lago.com.uy\/wp-content\/uploads\/2025\/06\/12-scaled.jpg"},"property_plans":"","property_video":"https:\/\/youtu.be\/DtTkTtICso0","property_parent_property":"","property_virtual_tour":"","property_attachments":""},"property_flags":{"property_featured":"on","property_sticky":"","property_reduced":"","property_sold":""},"property_contact":{"property_contact_name":"Lago Propiedades","property_contact_phone":"0800 88 63 \/ 091 288 012"},"property_pricing":{"property_price":"","property_price_prefix":"","property_price_suffix":"","property_price_custom":"$120.000"},"property_attributes":{"property_rooms":"","property_beds":"","property_baths":"","property_garages":"","property_home_area":"","property_lot_dimensions":"","property_lot_area":""},"property_valuation":{"property_valuation_group":""},"property_public_facilities":{"property_public_facilities_group":""},"property_map_location":{"property_map_location":{"latitude":"","longitude":""}},"property_relations":{"property_agents":""}},"_links":{"self":[{"href":"https:\/\/lago.com.uy\/index.php\/wp-json\/wp\/v2\/property\/10989","targetHints":{"allow":["GET"]}}],"collection":[{"href":"https:\/\/lago.com.uy\/index.php\/wp-json\/wp\/v2\/property"}],"about":[{"href":"https:\/\/lago.com.uy\/index.php\/wp-json\/wp\/v2\/types\/property"}],"author":[{"embeddable":true,"href":"https:\/\/lago.com.uy\/index.php\/wp-json\/wp\/v2\/users\/1"}],"replies":[{"embeddable":true,"href":"https:\/\/lago.com.uy\/index.php\/wp-json\/wp\/v2\/comments?post=10989"}],"wp:featuredmedia":[{"embeddable":true,"href":"https:\/\/lago.com.uy\/index.php\/wp-json\/wp\/v2\/media\/14266"}],"wp:attachment":[{"href":"https:\/\/lago.com.uy\/index.php\/wp-json\/wp\/v2\/media?parent=10989"}],"curies":[{"name":"wp","href":"https:\/\/api.w.org\/{rel}","templated":true}]}}

<h1 style="text-align: center;"><strong>Se alquila local comercial ideal para salón de fiestas, restaurant y demás. Gran ambiente principal, 2 baños, parrillero y terreno.</strong></h1>
