{"id":15277,"date":"2026-02-26T16:35:51","date_gmt":"2026-02-26T19:35:51","guid":{"rendered":"https:\/\/lago.com.uy\/?post_type=property&#038;p=15277"},"modified":"2026-03-17T16:04:23","modified_gmt":"2026-03-17T19:04:23","slug":"se-alquila-casa-de-1-dormitorio-en-san-jose-de-carrasco","status":"publish","type":"property","link":"https:\/\/lago.com.uy\/index.php\/propiedades\/se-alquila-casa-de-1-dormitorio-en-san-jose-de-carrasco\/","title":{"rendered":"Se alquila Casa de 1 Dormitorio en San Jos\u00e9 de Carrasco sur"},"content":{"rendered":"<p data-path-to-node=\"3\"><b data-path-to-node=\"3\" data-index-in-node=\"0\">Ubicaci\u00f3n privilegiada:<\/b> A pocas cuadras del <b data-path-to-node=\"3\" data-index-in-node=\"44\">Shopping Costa Urbana<\/b>, en una zona tranquila pero con todos los servicios.<\/p>\n<h3 data-path-to-node=\"4\"><b data-path-to-node=\"4\" data-index-in-node=\"0\">Caracter\u00edsticas principales:<\/b><\/h3>\n<ul data-path-to-node=\"5\">\n<li>\n<p data-path-to-node=\"5,0,0\"><b data-path-to-node=\"5,0,0\" data-index-in-node=\"0\">Dormitorio:<\/b> Luminoso.<\/p>\n<\/li>\n<li>\n<p data-path-to-node=\"5,1,0\"><b data-path-to-node=\"5,1,0\" data-index-in-node=\"0\">Living-Comedor con Cocina Integrada:<\/b> Un espacio funcional con mesada de granito y pileta de acero inoxidable.<\/p>\n<\/li>\n<li>\n<p data-path-to-node=\"5,2,0\"><b data-path-to-node=\"5,2,0\" data-index-in-node=\"0\">Ba\u00f1o completo.<\/b><\/p>\n<\/li>\n<li>\n<p data-path-to-node=\"5,3,0\"><b data-path-to-node=\"5,3,0\" data-index-in-node=\"0\">Patio Privado.<\/b><\/p>\n<\/li>\n<li>\n<p data-path-to-node=\"5,4,0\"><b data-path-to-node=\"5,4,0\" data-index-in-node=\"0\">Parrillero propio:<\/b> Ideal para disfrutar reuniones al aire libre.<\/p>\n<\/li>\n<li>\n<p data-path-to-node=\"5,5,0\"><b data-path-to-node=\"5,5,0\" data-index-in-node=\"0\">Seguridad:<\/b> Aberturas con rejas y entorno delimitado.<\/p>\n<\/li>\n<\/ul>\n<ul data-path-to-node=\"7\">\n<li>\n<p data-path-to-node=\"7,2,0\"><b data-path-to-node=\"7,2,0\" data-index-in-node=\"0\">Entorno:<\/b> Ubicada en el coraz\u00f3n de San Jos\u00e9 de Carrasco, cerca de paradas de \u00f3mnibus, locales comerciales y a minutos de la playa.<\/p>\n<\/li>\n<\/ul>\n<hr data-path-to-node=\"8\" \/>\n<p data-path-to-node=\"9\"><b data-path-to-node=\"9\" data-index-in-node=\"0\">Precio de alquiler:<\/b> $20.500 <b data-path-to-node=\"9\" data-index-in-node=\"39\">Garant\u00edas aceptadas:<\/b> ANDA, Aseguradoras, Contadur\u00eda, Fideciu<\/p>\n<p data-path-to-node=\"10\"><b data-path-to-node=\"10\" data-index-in-node=\"0\">\u00a1No te la pierdas!<\/b> Es la opci\u00f3n ideal para una persona o pareja que busca comodidad y un lindo patio para sus fin de semana.<\/p>\n<p data-path-to-node=\"11\"><b data-path-to-node=\"11\" data-index-in-node=\"0\">Contacto para visitas:<\/b> 091 288 012 \/ 0800 88 63<\/p>\n","protected":false},"author":1,"featured_media":15278,"comment_status":"closed","ping_status":"closed","template":"","class_list":["post-15277","property","type-property","status-publish","has-post-thumbnail","hentry","amenities-parrillero","statuses-disponible","locations-canelones","locations-ciudad-de-la-costa","locations-san-jose-de-carrasco","property_types-apartamento","property_types-casa"],"aioseo_notices":[],"cmb2":{"property_general":{"property_id":"","property_year_built":"","property_address":"","property_zip":"","property_contract":"RENT","property_gallery":{"15279":"https:\/\/lago.com.uy\/wp-content\/uploads\/2026\/02\/2-4-scaled.jpg","15281":"https:\/\/lago.com.uy\/wp-content\/uploads\/2026\/02\/4-3-scaled.jpg","15282":"https:\/\/lago.com.uy\/wp-content\/uploads\/2026\/02\/5-4-scaled.jpg","15283":"https:\/\/lago.com.uy\/wp-content\/uploads\/2026\/02\/6-4-scaled.jpg","15284":"https:\/\/lago.com.uy\/wp-content\/uploads\/2026\/02\/7-4-scaled.jpg","15286":"https:\/\/lago.com.uy\/wp-content\/uploads\/2026\/02\/9-4-scaled.jpg","15287":"https:\/\/lago.com.uy\/wp-content\/uploads\/2026\/02\/10-4-scaled.jpg","15288":"https:\/\/lago.com.uy\/wp-content\/uploads\/2026\/02\/11-3-scaled.jpg"},"property_plans":"","property_video":"https:\/\/www.youtube.com\/watch?v=GF6vZHGn5d4","property_parent_property":"","property_virtual_tour":"","property_attachments":""},"property_flags":{"property_featured":"on","property_sticky":"","property_reduced":"","property_sold":""},"property_contact":{"property_contact_name":"Lago Propiedades","property_contact_phone":"0800 88 63 \/ 091 288 012"},"property_pricing":{"property_price":"","property_price_prefix":"","property_price_suffix":"","property_price_custom":"$20.500"},"property_attributes":{"property_rooms":"","property_beds":"","property_baths":"","property_garages":"","property_home_area":"","property_lot_dimensions":"","property_lot_area":""},"property_valuation":{"property_valuation_group":""},"property_public_facilities":{"property_public_facilities_group":""},"property_map_location":{"property_map_location":{"latitude":"","longitude":""}},"property_relations":{"property_agents":""}},"_links":{"self":[{"href":"https:\/\/lago.com.uy\/index.php\/wp-json\/wp\/v2\/property\/15277","targetHints":{"allow":["GET"]}}],"collection":[{"href":"https:\/\/lago.com.uy\/index.php\/wp-json\/wp\/v2\/property"}],"about":[{"href":"https:\/\/lago.com.uy\/index.php\/wp-json\/wp\/v2\/types\/property"}],"author":[{"embeddable":true,"href":"https:\/\/lago.com.uy\/index.php\/wp-json\/wp\/v2\/users\/1"}],"replies":[{"embeddable":true,"href":"https:\/\/lago.com.uy\/index.php\/wp-json\/wp\/v2\/comments?post=15277"}],"wp:featuredmedia":[{"embeddable":true,"href":"https:\/\/lago.com.uy\/index.php\/wp-json\/wp\/v2\/media\/15278"}],"wp:attachment":[{"href":"https:\/\/lago.com.uy\/index.php\/wp-json\/wp\/v2\/media?parent=15277"}],"curies":[{"name":"wp","href":"https:\/\/api.w.org\/{rel}","templated":true}]}}

Se alquila Casa de 1 Dormitorio en San José de Carrasco sur

<p data-path-to-node="3"><b data-path-to-node="3" data-index-in-node="0">Ubicación privilegiada:</b> A pocas cuadras del <b data-path-to-node="3" data-index-in-node="44">Shopping Costa Urbana</b>, en una zona tranquila pero con todos los servicios.</p>
<h3 data-path-to-node="4"><b data-path-to-node="4" data-index-in-node="0">Características principales:</b></h3>
<ul data-path-to-node="5">
<li>
<p data-path-to-node="5,0,0"><b data-path-to-node="5,0,0" data-index-in-node="0">Dormitorio:</b> Luminoso.</p>
</li>
<li>
<p data-path-to-node="5,1,0"><b data-path-to-node="5,1,0" data-index-in-node="0">Living-Comedor con Cocina Integrada:</b> Un espacio funcional con mesada de granito y pileta de acero inoxidable.</p>
</li>
<li>
<p data-path-to-node="5,2,0"><b data-path-to-node="5,2,0" data-index-in-node="0">Baño completo.</b></p>
</li>
<li>
<p data-path-to-node="5,3,0"><b data-path-to-node="5,3,0" data-index-in-node="0">Patio Privado.</b></p>
</li>
<li>
<p data-path-to-node="5,4,0"><b data-path-to-node="5,4,0" data-index-in-node="0">Parrillero propio:</b> Ideal para disfrutar reuniones al aire libre.</p>
</li>
<li>
<p data-path-to-node="5,5,0"><b data-path-to-node="5,5,0" data-index-in-node="0">Seguridad:</b> Aberturas con rejas y entorno delimitado.</p>
</li>
</ul>
<ul data-path-to-node="7">
<li>
<p data-path-to-node="7,2,0"><b data-path-to-node="7,2,0" data-index-in-node="0">Entorno:</b> Ubicada en el corazón de San José de Carrasco, cerca de paradas de ómnibus, locales comerciales y a minutos de la playa.</p>
</li>
</ul>
<hr data-path-to-node="8" />
<p data-path-to-node="9"><b data-path-to-node="9" data-index-in-node="0">Precio de alquiler:</b> $20.500 <b data-path-to-node="9" data-index-in-node="39">Garantías aceptadas:</b> ANDA, Aseguradoras, Contaduría, Fideciu</p>
<p data-path-to-node="10"><b data-path-to-node="10" data-index-in-node="0">¡No te la pierdas!</b> Es la opción ideal para una persona o pareja que busca comodidad y un lindo patio para sus fin de semana.</p>
<p data-path-to-node="11"><b data-path-to-node="11" data-index-in-node="0">Contacto para visitas:</b> 091 288 012 / 0800 88 63</p>
